ermine l(u).
5
Let d(t) = t**2 - 10*t - 7. Let j be d(11). Let u(k) be the third derivative of -k**5/60 + 5*k**4/24 - 5*k**3/6 + k**2. Calculate u(j).
-1
Let n(o) be the third derivative of -o**4/12 - o**3 - o**2. Suppose -5 = -v - 2. Suppose v*t - t = -8. Give n(t).
2
Let p(y) = -4*y - 11*y - 1 + 2*y + 0*y. What is p(1)?
-14
Let y(b) = -7*b + 21. Let p(h) = 10*h - 31. Let z(v) = -5*p(v) - 7*y(v). What is z(-6)?
14
Let u = 16 + -21. Let n(m) = -m**2 - 5*m + 6. Calculate n(u).
6
Let v(s) be the first derivative of s**3/3 + s**2/2 - 7*s - 2. Let d be (6/4)/(4/8). Let q = d + -3. Give v(q).
-7
Let z(l) = -2*l**2 + 8*l + 1. Let w(y) = y**2 - 4*y. Let g(d) = -7*w(d) - 4*z(d). What is g(5)?
1
Let o(l) = 4*l**3 + l**2. Let m(h) = h**2 - 7*h - 2. Let y be m(8). Suppose f + 16 = -j + y*f, -3*f + 7 = 2*j. Give o(j).
-3
Let x(b) = 2*b**2 - 5*b + 5. Let i(p) = p**2 - 5*p + 6. Let c(f) = 3*i(f) - 2*x(f). What is c(-6)?
2
Let d(t) = 5 - 4*t - t**2 + 7 - 5. Give d(-5).
2
Suppose v + 4*v + 124 = -3*o, -62 = 2*v - 5*o. Let y = 26 + v. Let b(m) be the second derivative of m**4/12 + m**3/6 - m**2 - m. Determine b(y).
-2
Let m(k) be the first derivative of -k**3/3 + 3. Determine m(2).
-4
Let j(r) = 2*r + 3*r - 3*r. Let b(y) = -7*y + y**2 + 15 - 25 + 19*y. Let a be b(-13). Determine j(a).
6
Let b(l) be the third derivative of -l**6/15 + l**4/24 - l**3/6 - 32*l**2. Let v = -1 - -2. Calculate b(v).
-8
Let j(b) = -b**3 + b**2 - b - 5. Suppose 3*a + d - 10 = 0, -5*a + a = d - 12. Let w be (1 - (a + -1))/2. Calculate j(w).
-5
Let y(m) be the second derivative of -1/2*m**2 + 0 + 1/3*m**3 - 6*m. What is y(6)?
11
Let g be (-4)/6 + (-164)/(-12). Let k = g - 7. Let u(b) = b**2 - 6*b - 3. What is u(k)?
-3
Let m(p) be the second derivative of -2*p**3/3 - 4*p**2 + 20*p. Determine m(-6).
16
Let b(s) = -s**2 + 5*s - 1. Let w be b(4). Let t(p) = -2*p**3 + 2 + 2*p + 2 - w. Suppose 3*a - i + 5 + 3 = 0, 4*i = -4*a + 16. Calculate t(a).
1
Let z be 4 - 0 - 84/(-28). Let i(u) = u**3 - 6*u**2 - 6*u - 6. Give i(z).
1
Let v(y) be the first derivative of -y**4/4 + 5*y**3/3 - 2*y**2 + 2*y - 2. Give v(3).
8
Let i be (-8)/(-2) - (5 - 3). Suppose 3*q = 0, 0 = 5*v - v - 5*q. Let t(u) = 2 + 3*u**2 - 4*u + v*u - u**3 + 1. Calculate t(i).
-1
Let m(t) = -t**3 + t**2 - t + 8. Suppose 4*q + 0 = -4. Let v = q + 1. Give m(v).
8
Let t(m) be the first derivative of 1/3*m**3 + 3/2*m**2 - 5*m - 3. What is t(-5)?
5
Let u = 2 + -3. Let y(a) = a**2 - a - 1. Let x(j) = j**3 + 3*j**2 - 3*j + 3. Let v(r) = u*x(r) + 2*y(r). What is v(0)?
-5
Suppose -8 - 4 = r. Let c(p) = p + 15. Let d be c(r). Let w(o) = 4 - o + 0*o**3 - o**3 + 0*o + 3*o**2. Calculate w(d).
1
Suppose 0*v - 3 = -3*v. Let t(d) = 5*d**2 - 2*d + 1. What is t(v)?
4
Let k(w) = -3*w + 1. Let h be (-2)/(-6) + 70/6. Let m = -10 + h. Give k(m).
-5
Let c(d) be the second derivative of d**5/20 + d**4/4 + d**3/6 - 34*d. Determine c(-2).
2
Let w = 4 + -3. Let u(d) = -d**2 + d**3 - 3*d + 4*d + 0*d + 5*d**3. Calculate u(w).
6
Let b(x) = -x**3 + 2*x**2 + 3*x - 3. Let f be 5 + 4/6*-3. Calculate b(f).
-3
Let y be 1 - (12 + 3 + -5). Let n be (10/6)/((-3)/y). Let r(o) = o + 1. Determine r(n).
6
Let j(n) = 5*n - 5. Let x(d) = 14*d - 14. Let p(w) = -17*j(w) + 6*x(w). Let m(h) = -h**3 - 5*h**2 + 7*h + 8. Let f = 9 + -15. Let b be m(f). Give p(b).
-1
Let o(h) = -h + 0 + 0. Let c(y) = -13*y. Let v be c(-4). Let x be (-8)/v + (-56)/(-26). Calculate o(x).
-2
Suppose -4*i = 35 - 11. Let x(m) be the third derivative of -m**4/12 - m**3 - 32*m**2. Calculate x(i).
6
Let j be (2 - (-9)/(-12)) + 2/(-8). Let x(k) be the third derivative of -5*k**4/12 + 3*k**2. Give x(j).
-10
Let i(p) be the first derivative of p**4/4 - p**3/3 + p**2/2 - 14*p + 36. Give i(0).
-14
Let g(j) = 13*j**2 + 11*j - 15. Let w(v) = -7*v**2 - 6*v + 8. Let u(h) = -6*g(h) - 11*w(h). Let t = 7 + -5. Let b = -5 + t. Calculate u(b).
-7
Let t(d) = -d**3 + 2*d**2 + d. Let g be t(2). Suppose -4*s = 8, -3*y + 0*y + g*s = -16. Suppose 0 = 7*p - y*p. Let z(h) = -h**2 + 7. What is z(p)?
7
Let p(c) be the first derivative of c**4/4 + c**3 - c**2 + 4*c - 4. What is p(-4)?
-4
Let a(j) be the second derivative of j**4/12 + j**3 - j**2 + 5*j. Determine a(-5).
-7
Let i(r) = r**3 + 7*r**2 + 3*r - 5. Let a be (-3)/(2 + 6/(-4)). Calculate i(a).
13
Let m(o) = -o**3 - 2*o**2 + 3*o + 3. Suppose -s = 3*s. Suppose -5*k - q = -s*k + 18, 5*q = -15. Calculate m(k).
3
Let q(r) = r**3 + 4*r**2 + 3*r + 3. Let t = 1 - -3. Suppose t*s - 5*x + 32 = 0, -5*x - 2 = s - 19. Determine q(s).
3
Let s be (-1)/(-2) + (-3)/2. Let d = s + 5. Suppose -d*x + 22 = n - 0*n, -3*n = -2*x + 4. Let q(v) = -v**2 + v + 2. What is q(n)?
0
Suppose 3*x - 25 = -2*h, -h - 44 = -5*h - 4*x. Suppose 0 = -p + 3*p - h. Let o(u) = -u**3 + 5*u**2 - 6*u + 3. What is o(p)?
-5
Suppose -3 - 3 = -3*p. Let x = 0 + p. Let j(n) = 0 - 3*n + 0*n**2 + n**x + 1. What is j(2)?
-1
Suppose 0 = 4*k - 3*k + 2. Let x(b) = b + b**2 + 1 + 1 + b**2 - 3*b**2. Calculate x(k).
-4
Let w(i) be the second derivative of -i**5/20 - 5*i**4/12 - 7*i**3/6 - 3*i**2 - 15*i. What is w(-4)?
6
Let f = -4 - -5. Let w = 1 + f. Let h(t) = -2 + 0 + 3 - 6*t + w. What is h(2)?
-9
Let v(f) = -f + 8. Let u(w) = w**3 - 6*w**2 - 7*w + 2. Let n be u(7). Let q(b) = -b - 1. Let z(k) = n*q(k) + v(k). Let i = 95 + -90. Give z(i).
-9
Let y(k) = -3*k**2 - 8*k + 5. Let b(v) = v**2 + v - 1. Let c(r) = -2*b(r) - y(r). Determine c(-7).
4
Let i be (28/(-8))/((-2)/4). Let p(v) = -v**2 + 6*v + 9. Give p(i).
2
Let y(n) be the second derivative of n + 0 - 1/2*n**2 - 1/6*n**3. Calculate y(3).
-4
Let u(n) = -n**3 + 6*n**2 - 4*n - 2. Let i be 7 + (-2 - -2 - 3/3). What is u(i)?
-26
Let y(n) = -2*n**2. Let b(g) = -5*g**2. Let r(s) = -3*b(s) + 8*y(s). Let c be -1*(0 + -6) + -3. Suppose -4*i = 7 - c. What is r(i)?
-1
Let s be 3/((-3)/(9/(-3))). Suppose 8 + 1 = -3*o + s*n, -5*o + 4*n = 11. Let y(l) = l + 1. Let j(f) = 2*f - 4. Let c(t) = j(t) + 5*y(t). What is c(o)?
8
Let b(s) = s**2 + 5*s - 10. Let l be b(-7). Let d(q) = 5 - 7 + 3*q - l. What is d(4)?
6
Let g(u) = u**3 + 5*u**2 - u. Let i be g(-5). Let x(j) = -1 + i*j**2 + j**3 + 6*j + 6 - 1. What is x(-4)?
-4
Suppose -m = -2*m + 5. Suppose 2*f = 5*j - 18, -m*j - 2 = f - 23. Let u(i) = 2*i - 3. Give u(j).
5
Let z be (-4)/(2 - 12/3). Let x(c) = z - 1 + 3 - 2 - 4*c. Calculate x(-2).
10
Suppose -1 + 16 = -3*o. Suppose -12 = 5*v + 3. Let t(f) = f**3 - f**2 + f. Let w(g) = 2*g**3 - 7*g**2 + 10*g + 4. Let d(c) = v*t(c) + w(c). Determine d(o).
-6
Let a(f) = f + f - 3*f + 3. What is a(-3)?
6
Suppose 4*y + 3 = 5*j - 0, -y = -5*j + 12. Let a(m) = m**2 - 3*m + 1. What is a(j)?
1
Let k = 153 + -157. Let c(i) = i**2 + 9*i + 5. What is c(k)?
-15
Let l(v) = v - 2. Let r be l(6). Let y(x) = 2*x**2 - 5*x - 1. Calculate y(r).
11
Suppose 0 = -3*o - 5*h - 6, 0*h = -2*h - 6. Let v(p) = 4 - 4*p - 34*p**2 + 33*p**2 + 6*p - 3. Determine v(o).
-2
Let g(j) = -2*j - 6. Suppose -18 + 6 = -4*r. Suppose r + 17 = -4*s. Give g(s).
4
Let l(t) = -t**2 - 7*t + 61 + 60 - 126. Give l(-4).
7
Let q(p) = -p**3 - 6*p**2 - 5*p + 2. Let o(t) = 3*t + 10. Let b be o(-7). Let j = 6 + b. Calculate q(j).
2
Let l(h) = h**2 + h. Let k(v) = 2*v**2 - 6*v + 2. Let p(z) = -k(z) + l(z). Calculate p(6).
4
Let h(k) be the third derivative of -k**6/120 + k**5/15 - 6*k**2. Let l(z) = -2*z**2. Let i(b) = -2*h(b) - 5*l(b). What is i(-2)?
-8
Let t(q) = -q - 5. Let v = -3 - -5. Suppose 3*l - b = b, 0 = v*l + 3*b - 13. Suppose -l*i = -0*i + 8. Give t(i).
-1
Let g(o) = -o**2 + 7*o - 4. Let m be g(6). Let c(t) = 2*t + 3*t**m + 2*t - 6*t - 3 + 1. Calculate c(2).
6
Let b(x) = -x - 10. Suppose 0 = -7*y + 2*y - 30. Determine b(y).
-4
Let r = 7 + -5. Let j(x) = -3*x - 4 + 0*x**2 - 1 + r*x**2 + 7. Determine j(2).
4
Let g(b) = b + 10. Suppose -5*j = 4*y + 49, -y - j - 16 = -3. Give g(y).
-6
Let m = 5 - 7. Let u(g) be the third derivative of g**4/12 - g**3/6 - 8*g**2. Calculate u(m).
-5
Suppose -4*u = -3*u. Suppose 3*k + u - 12 = 0. Let o(l) = 2*l**2 + 3*l - 7. Let r(j) = -j**2 - j + 3. Let h(v) = 6*o(v) + 13*r(v). Calculate h(k).
1
Let u(f) be the first derivative of -3/2*f**2 - f**3 + 4 - 1/4*f**4 - f. Give u(-2).
1
Suppose 0 = -2*p + 4*w + 10, -4*p = -3*w - 9 - 11. Let f(c) = -23 - 21 - 22 + 63 - c**2 + 5*c. Calculate f(p).
-3
Let k(q) be the third derivative 